 of (24/9)/(2/9).
2, 3
Let k(l) = -l - l**2 - 3*l - 2*l**3 + 5*l - l**2. Let u(x) = x**2 + x - 2. Let i be u(0). What are the prime factors of k(i)?
2, 3
Let f(s) = -13*s**3 - 5*s**2 - 4*s + 2. What are the prime factors of f(-2)?
2, 47
Suppose m - 4*t - 157 = 0, 0 = -m + 5*t - 2*t + 152. List the prime factors of m.
137
What are the prime factors of 2 - ((-1 - 1) + -34)?
2, 19
Let i be (1/2 - 1)*-6. Let d(n) = n**2 - n. Let t be d(i). Suppose 4*f = t*f - 26. List the prime factors of f.
13
Let d be (-4)/(3 - 147/48). Let p = d + -39. What are the prime factors of p?
5
Let n = 11 + -4. Let b = 12 - n. Suppose 0 = -b*z + 5*q + 120, 0 = -3*z + z + 3*q + 50. What are the prime factors of z?
2, 11
Suppose -2*c + 6 + 2 = 0. Suppose -4*x + 2*a + 0*a + 34 = 0, -a + 37 = c*x. List the prime factors of x.
3
Let s(m) = -m**3 - 2*m - 1. List the prime factors of s(-3).
2
Suppose 4*b + 25 = -2*p + 1, 0 = 3*p + b + 41. Let i(k) = -k - 16. Let m be i(-12). Let w = m - p. What are the prime factors of w?
2, 5
Let g = 154 - 85. Suppose -5*b = -6 - g. What are the prime factors of b?
3, 5
Let p(b) be the second derivative of -b**3/6 + 5*b**2/2 + 2*b. What are the prime factors of p(-8)?
13
Suppose 0 = -3*h + 2*h + 7. What are the prime factors of h?
7
Let j be (-1 - 31)*3/(-6). Suppose 2*z + 5*a - 8 = 0, 0 = -a - 3*a - j. List the prime factors of z.
2, 7
Let g = -91 - -174. List the prime factors of g.
83
Let q = -4 - -10. Suppose 0 = w, 0*m = -3*m + 4*w - q. Let t(h) = -h + 2. What are the prime factors of t(m)?
2
What are the prime factors of (64/112)/(4/406)?
2, 29
Suppose -27 = -r - 3*r - 5*u, 4*u - 32 = -4*r. List the prime factors of (-4 - -5)*(r - -2).
3, 5
Suppose 0 = 3*u - 2*u. Let z = u + 6. Let n = 0 + z. What are the prime factors of n?
2, 3
Let r(x) = x**3 - 2*x**2 - 4*x - 3. Let a = -11 - -15. What are the prime factors of r(a)?
13
Suppose -s + 7*s - 972 = 0. What are the prime factors of s?
2, 3
Suppose 9 = 2*l + l. Suppose -2*c + 3*j = -2*j - 77, c + 2*j = 34. Suppose 3*t = -4*s + c, -l*s - 3*t = -2*s. What are the prime factors of s?
2, 3
Suppose 0 = 2*t - t. Let u be 92/5 + (-2)/5. Suppose 2*w - 2*z - u = t, w - 18 - 3 = -5*z. List the prime factors of w.
11
Let w be (2*-1)/((-4)/(-8)). Let f = 4 + w. Suppose -2*p - 4*z - 10 = f, 5*z + 2 = -5*p - 3. List the prime factors of p.
3
Let o = -13 - -7. Suppose 5*k - 32 = 3*v, 0 = 4*v + 2*k + 2*k. List the prime factors of v/o*102/4.
17
Let m(p) = p + 9. Let x = -1 - -9. List the prime factors of m(x).
17
Let t be -2*(-2)/((-4)/(-3)). Suppose -k - 4*k - 4*f + t = 0, 4*k - 3*f = 21. List the prime factors of k.
3
Let g(y) = -7*y**2 + 6 + 0*y**3 - 4*y + 4*y + y**3. What are the prime factors of g(7)?
2, 3
Let o = 392 - 200. What are the prime factors of o?
2, 3
Suppose 4*a - 9*a = 30. What are the prime factors of (-8)/a*30/4?
2, 5
Suppose -9 = -3*g - 0*g. Let c be 2*23*g/6. Suppose -2*s = -c - 13. List the prime factors of s.
2, 3
Suppose -m - 2 = c, -c = -4*c + 5*m + 34. Suppose 2*v - c*v = -12. List the prime factors of v.
2, 3
Let g(i) = -i + 14. Let j be -2 + (0 - -2)*1. List the prime factors of g(j).
2, 7
Let s be (-9)/(-2*1/6). Suppose 0 = 3*d + r - s, 2*r + 3*r = d - 25. List the prime factors of d.
2, 5
Suppose -5*k + 10 = 0, 3*k - 5*k + 1 = -3*o. Let a be -3 - -5 - 5/o. What are the prime factors of a*(-2 + 4)*-1?
2, 3
Let o(u) = u**3 + 4*u**2 + u - 3. Let y be o(-3). List the prime factors of (y - -10) + (-2)/2.
2, 3
Let j(n) = -n**3 + 11*n**2 + 5*n. List the prime factors of j(5).
5, 7
Suppose -3*p + 4*p - 2 = 0. Suppose -r + 69 = p*r. List the prime factors of r.
23
Suppose 0 = 2*d + d - 9. Let c(v) = 3*v**2 - 10*v. Let b(h) = h**2 - h - 1. Let x(l) = 2*b(l) - c(l). List the prime factors of x(d).
13
Let g(v) = v**2 - 9*v - 3. List the prime factors of g(12).
3, 11
Let i be 1*-3 + 2 + 5. Let k be (-37)/(-13) + 8/52. Suppose -4*z + 3*u = 2*u - 12, z = i*u + k. What are the prime factors of z?
3
Suppose 10 = -3*s + 4. List the prime factors of -2 - (s + 1) - -8.
7
List the prime factors of 4/(-6)*(-96 - 6).
2, 17
Let h(v) be the third derivative of -v**4/24 - v**3 - 2*v**2. Let y be h(-7). Let d(k) = 5*k**2 + k. What are the prime factors of d(y)?
2, 3
Suppose 6*o - 57 = -3. Suppose 20 = -7*g + o*g. List the prime factors of g.
2, 5
Suppose -q + 3 + 0 = 0. Let x(m) = -q - 3 + 3 - 3*m. List the prime factors of x(-3).
2, 3
Let p(o) = -51*o**3 + 2*o**2 - 1. List the prime factors of p(-1).
2, 13
Let d = -8 - -3. Let q = -9 - d. List the prime factors of (-26)/(-4) - q/8.
7
Suppose -3*l - 3*y + 34 = -2*l, -y = -2*l + 103. List the prime factors of l.
7
Suppose -2*o = 5 + 3. Let q be 0 - 1/(2/2). List the prime factors of ((-6)/o)/(q/(-6)).
3
Let f = -4 + 6. Suppose -63 = f*c + 2*x - 157, 3 = -x. List the prime factors of c.
2, 5
Suppose -2*a + 3*a = 6. Let o be ((-10)/(-6))/(3/18). Let t = o - a. List the prime factors of t.
2
Suppose 4*w + x - 24 + 5 = 0, -7 = -w + 2*x. Suppose u + 4*u + w*c - 120 = 0, -94 = -4*u - 2*c. List the prime factors of u.
23
Let h be ((-2)/6)/((-2)/30). Suppose 0*q + 29 = q - 2*y, -4*q = -h*y - 119. List the prime factors of q.
31
Let a = -1 + 2. Let x(t) = t + 4*t - 3*t. List the prime factors of x(a).
2
List the prime factors of 23808/216 - (-1 - 11/(-9)).
2, 5, 11
Let c be (-2)/(-10) - (-36)/(-30). Let b = 2 - c. List the prime factors of b.
3
Let a = 382 - 242. What are the prime factors of a?
2, 5, 7
Let r(i) = 14*i**2 + 1. Let m be r(-1). Let t = m - 10. Suppose 20 - 100 = -t*a. List the prime factors of a.
2
Let r = 6 + -3. Suppose 0 = -2*d - r*d + u + 44, 0 = -2*d - u + 12. List the prime factors of d.
2
Let x(k) = k + 9. Let u be x(-7). What are the prime factors of (1/u)/(2/36)?
3
Let m = 188 + -107. What are the prime factors of m?
3
Let q = 125 + -75. List the prime factors of q.
2, 5
Let l = 108 - -80. List the prime factors of l.
2, 47
Suppose -3*w - 28 = w. Let s(k) be the first derivative of -3*k**2/2 - 10*k + 6. What are the prime factors of s(w)?
11
Let s = 26 + 4. What are the prime factors of s?
2, 3, 5
Let p(c) = c**2 - 10*c + 20. What are the prime factors of p(11)?
31
Let k = 565 + -283. List the prime factors of k.
2, 3, 47
Suppose -4*n = -6*n + 516. List the prime factors of n.
2, 3, 43
Suppose 0 = -4*x + 7 - 3. List the prime factors of ((-2)/(-2))/(x/5).
5
Suppose 345 = -2*d - 3*d. Let r = 163 + d. What are the prime factors of 2/(-3) + r/6?
3, 5
List the prime factors of (712/(-16))/(1/(-2)).
89
Let z(n) = n**3 + 6*n**2 - 3*n - 1. What are the prime factors of z(-4)?
43
Let c be (-2 - -1) + (-192)/(-3). What are the prime factors of (4/6)/(3/c)?
2, 7
Suppose 19*k - 49 = 18*k. List the prime factors of k.
7
Let u(g) = -19*g - 10. What are the prime factors of u(-7)?
3, 41
Suppose -2*s - 12 = -3*m, -3*m + s - 7 = -22. List the prime factors of 1*-1*m*-1.
2, 3
Let l = -10 - -17. Suppose 0 = -w - i - 2, 3*w + 3*i - 8 = l*w. What are the prime factors of w*(-69)/6*1?
23
Suppose 4*s - 3*j - 54 = s, -j = s - 16. Let k = -3 + s. List the prime factors of k.
2, 7
Let n be 55/(-11)*(-4)/(-10). What are the prime factors of 372/27 - n/9?
2, 7
Suppose -4*r = q - 105, -5*q + 0*q + 25 = 0. What are the prime factors of r?
5
Let k(z) = -z**3 + 9*z**2 + 8*z - 1. List the prime factors of k(7).
3, 17
Suppose 0*b - 3*b - 105 = -3*p, 132 = 4*p - 2*b. What are the prime factors of p?
31
Let u(o) = -14*o + 15. Let y be u(-10). Suppose 12 - 77 = -l + 5*g, -g + y = 4*l. List the prime factors of l.
2, 5
Let h = -85 - -54. Let b = -16 - h. Suppose -s + b = 3. What are the prime factors of s?
2, 3
Let u = -170 - -303. What are the prime factors of u?
7, 19
Suppose -5 + 1 = -2*f. Suppose -3*b = f + 13, 3*n - 35 = -2*b. List the prime factors of n.
3, 5
Let t be -1 + 0 + 3 + 0. Suppose 4*w + 0*w = 5*y + 23, 3*w = -t*y + 23. Suppose 0 = 4*v - 3*v + 3*l - w, 2*v - 18 = -4*l. List the prime factors of v.
13
Let j = -6 - -1. Let m be j/((-5)/(-9)) + 3. What are the prime factors of (3 + 24)/(m/(-4))?
2, 3
Let z(t) = 8*t. Let g = 5 + -4. Suppose x + g - 2 = 0. What are the prime factors of z(x)?
2
Let t(r) = 38*r - 5. List the prime factors of t(6).
223
Let w(t) = 5*t**2 + 6*t + 7. Let n be w(-1). Let z = 18 + 4. Suppose 8*y - z = n*y. What are the prime factors